10 - -90561. Is r a composite number?
False
Suppose -1210*n - 3160885 = -1245*n. Is n a prime number?
False
Is (-4696041)/(-7)*((-3)/33 - 28/(-66)) prime?
True
Is (83799078/(-30))/(-11)*(4 + (-5)/(-5)) prime?
True
Suppose -3*z + 6*z = 5*p + 241938, -5*p = -5*z + 403240. Is z a composite number?
False
Let r(v) = 37*v**2 - 30*v**2 - v**2 - 2*v + 31 - 8*v. Is r(15) prime?
True
Let b = 3041 - -24936. Is b composite?
True
Suppose -1559164 = -47*j + 824413 + 183422. Is j a prime number?
True
Let v = -46023 + 214874. Is v composite?
False
Suppose 1369 = -3*j + 3127 + 20169. Is j prime?
True
Let d = 45 - 42. Suppose 2*s + 6263 = -b + 19341, d*s - 19635 = 3*b. Is s composite?
True
Let d(c) = -5*c**3 + 6*c**2 - 4*c + 4. Let w(f) = -6*f**3 - f - 2. Let q be w(-1). Suppose l = -b - 3, -35 = -b + 6*b - q*l. Is d(b) composite?
True
Let v be 12/16*(-6)/9*0. Let k = 5 - 2. Suppose 0 = -v*n + 5*n + k*z - 683, -3*z = -n + 151. Is n a composite number?
False
Let u(d) = -d**3 - 6*d**2 + 13*d - 5. Let k be u(-13). Suppose -3946 = -x + k. Is x a prime number?
False
Suppose 0 = 4*s + 4*l - 1531844, 5*l + 234764 + 148197 = s. Is s a prime number?
True
Let m(w) = 1722*w**2 + 96*w - 557. Is m(8) a composite number?
False
Suppose 78*b + 2119241 - 2181385 = 4111090. Is b composite?
False
Suppose -4*h + 2245692 = -593480. Is h a composite number?
True
Let z = -105 - -92. Let u = z - -16. Suppose -u*n + 634 = -287. Is n prime?
True
Let y(f) = -48*f + 170 + 66*f**2 + 38*f**2 + 6*f - 31*f**2 - 4*f. Is y(14) a prime number?
False
Let m(u) = u - 12. Let h be m(12). Let i be 414*((-147)/6)/(-7). Suppose -8*r + 1279 + i = h. Is r composite?
True
Is (-3)/((-10)/47151210*9) composite?
False
Let o(m) = m**2 + 18*m - 3. Let w be o(-18). Let g(j) = -1854*j - 28. Is g(w) a composite number?
True
Let s(d) = 9*d**2 + 19*d + 19. Let b(t) = 11*t**2 + 4*t - 5. Let y be b(1). Let o be s(y). Let n = o + -700. Is n prime?
True
Suppose 15*n = 10*n. Suppose 13 = -4*v - 3, -5*p - 3*v + 48703 = n. Is p a composite number?
False
Let z be 4/3*18/8. Suppose z*r = -17*r + 65260. Is r prime?
False
Let h be 5*(3862/5 - -8). Let q = h + 645. Is q a prime number?
True
Let a be (200/(-12) - 1)/((-2)/378). Suppose -s = -5*h + a, 5*s + 16695 = 4*h - 6*h. Is s/(-6) + ((-9)/(-6))/3 a prime number?
True
Let z = 38 + -2. Suppose -43*n = -z*n - 5243. Is n prime?
False
Let a(x) = -x**3 - 6*x**2 + 3*x - 4. Let m be (((-12)/(-10))/3)/(17/(-425)). Let h be a(m). Suppose 7*p - 1045 = -h. Is p a prime number?
True
Let m(q) = 3*q**3 - 64*q**2 - 8 - 3 + 22*q**2 + 32*q**2 - q. Is m(8) a composite number?
False
Let i be 15 + -14 + -1 + 5. Suppose -u + 3029 = -0*u + i*m, -4*m + 8 = 0. Is u prime?
True
Let j be 27/4 - (-126)/(-72). Suppose 4*d + 2*n - 44607 - 110987 = 0, -2*d + j*n + 77803 = 0. Is d composite?
True
Let m = -849 - -218. Let t = 1068 + m. Is t prime?
False
Suppose -60*y = -76*y + 80. Suppose -3*l = -3*c + 2418, 4132 = y*c + 3*l + 78. Is c prime?
True
Suppose 0 = -5*t - 7 + 37. Suppose 6*z + t*z = 44052. Is z prime?
True
Let i(d) = -13629*d**3 + 20*d**2 + 76*d + 79. Is i(-4) prime?
True
Let p(r) = -6*r**2 + 60*r + 12. Let s be p(10). Suppose 5703 = -s*x + 15*x. Is x prime?
True
Let s(u) = 18*u. Let k be s(1). Let d = 14 - k. Is 16016/63 - d/(-18) prime?
False
Suppose -3*d + 19584 = -l - 91813, 5*l = -5*d + 185675. Is d a composite number?
True
Let c be (-15)/12*(-4 + 44). Let j = 22 + c. Is ((-2338)/j)/((-2)/(-20)) a prime number?
False
Let g be (-161)/92 + (-382)/(-8). Is g/69*(-6)/4*-50311 composite?
False
Suppose 32 = 2*q + 8. Suppose -j - 171 = 2*u, -35*u - 345 = -31*u - j. Is q/8*-6*u/9 a prime number?
False
Let r = -72 + 77. Suppose z - 7583 = -5*p, -11*p - r*z = -6*p - 7575. Is p a prime number?
False
Let o(s) be the third derivative of -155*s**4/6 + 85*s**3/6 - s**2 - 1. Is o(-8) prime?
False
Suppose -w - 5*z - 354 = -0*w, 0 = -2*w - z - 672. Let v = 585 + w. Is v prime?
True
Let t = -47005 + 101547. Is t composite?
True
Let q(d) = 250*d + 10895. Is q(0) composite?
True
Let q = 240 + -225. Suppose -q*c + 341 = -14*c. Is c a composite number?
True
Suppose 49*u - 5*l + 93679 = 50*u, 5*l + 374716 = 4*u. Is u prime?
False
Let v(k) = k**3 - 25*k**2 - 37*k + 112. Let m be v(23). Is -2 + (2 - m) + -2 a prime number?
False
Suppose 0 = -3*h + 5*u - 239 - 25, 5*h + 4*u + 477 = 0. Let a = 236 - h. Is a composite?
True
Let l(q) be the third derivative of 7*q**5/60 + 59*q**4/24 + 205*q**3/6 - 216*q**2. Is l(-41) a prime number?
False
Let p(o) = 4399*o**2 - 6*o - 32. Is p(-5) composite?
True
Suppose -7255 = -5*w - c, -w + 1451 = -0*w - 3*c. Let n = 1118 + w. Is n a prime number?
False
Let v(s) = 77*s - 9 - 104 - 71*s + 97*s + 297*s. Is v(6) prime?
True
Let d be (14/21)/((-6)/9). Let g(w) = -9*w. Let h be g(d). Suppose h*s - 6*s = 159. Is s composite?
False
Suppose -5*f = 2*y - 0*y - 216903, y + 216906 = 5*f. Let v = 72608 - f. Is v a prime number?
False
Suppose -28 = -3*p + 10*p. Let c be (1 - (4 + p)) + 765. Suppose 95 = -l + c. Is l composite?
True
Suppose 10*g = 6*g + 16. Let z be (-2 + 0)/(g/(-40)*-5). Is (13 - 9)*(-109)/z composite?
False
Let j = -127 + 133. Is (-500 - -8)*(-88)/j + 3 a composite number?
False
Let m = 107121 + -45406. Is m a prime number?
False
Let x = -117 + 117. Is 72 + 18 + x + 3 a composite number?
True
Suppose -o = -y - 3, -27*o + 15 = -22*o - 3*y. Is (8/o + -3)/(1/(-27771)) prime?
True
Let m(t) = -t**3 - 16*t**2 - 2*t + 5. Let v = -61 - -149. Suppose -4*i = -5*a - v, -5*a - 5*i + 0*i - 70 = 0. Is m(a) a composite number?
False
Let k(l) = -2784*l - 634. Is k(-2) prime?
False
Suppose 66641856 + 263502 = 99*k - 21*k. Is k a composite number?
True
Let v = -26911 + 63294. Is v a prime number?
True
Let p = -301722 - -810223. Is p a prime number?
False
Let z = -419 + 421. Suppose -l - z*g = -0*l - 4569, 4569 = l - 3*g. Is l a prime number?
False
Let c(o) = 19*o - 50. Suppose 3*w - w = 34. Let y be c(w). Suppose 4*b - 491 = y. Is b a composite number?
False
Let g(t) = 211*t - 1. Let x be g(1). Suppose -2*b - 67 = -s, -5*b = 4*s - 253 + 50. Let o = x + s. Is o prime?
False
Suppose n = 4*o - 2, 2*n + 5*o - 7 = 4*n. Let m(y) = -291*y + 233. Is m(n) composite?
False
Suppose 5*t - 70 = 5*w, 5*t + 0 - 70 = -5*w. Let n = 1 + t. Let b = 7 + n. Is b composite?
True
Suppose -4341 + 407 = -7*k. Suppose -3*m + 1150 = -4*f, 3*m - 5*f - k = 589. Is m composite?
True
Let f be 1 - (78 - -1)*-37. Suppose -3730 = 6*i + f. Is i/(-6) - (-10)/60 prime?
False
Let t = -16659 + 37036. Let u = 29624 - t. Is u a composite number?
True
Let g(s) = s. Let u(o) = 7*o + 15. Let c(m) = -5*g(m) + u(m). Let p be c(-6). Suppose -5*t = -2*v + 2378, -p*t + 1183 = v - 7*t. Is v a prime number?
False
Let r(l) = -1747*l**2 + 4*l + 1. Suppose 0 = 4*z - 3*s + 3 + 1, -s = 0. Let u be r(z). Let v = u - -2951. Is v a composite number?
False
Is (85/(-34))/((-8532951)/(-1218994) - 7) composite?
True
Let z(v) be the first derivative of -65*v**2/2 - 20*v + 560. Let c be (-3 + 1)*72/16. Is z(c) composite?
True
Let c = 612 - 2088. Let y = c - -2585. Is y prime?
True
Let q = 393 - -635. Let l = 752 + -379. Suppose -l = 5*o - q. Is o a prime number?
True
Let t(x) = 305*x**2 - 73*x + 191. Is t(26) a composite number?
True
Suppose 10920 = 5*d - 3*g, 3*d = -d - 2*g + 8758. Suppose -2*k - d = -7*k - 2*t, -t = 2*k - 874. Is k composite?
False
Let z be (-4149824)/(-63) + -5 - (-4)/(-18). Suppose -z = -5*x - 5*g + 7075, 5*g + 58379 = 4*x. Is x prime?
True
Suppose -6 = -3*g, 3*d + 3*g + 5 - 137 = 0. Let w = 45 - d. Is ((-77)/w - -1)/(6/(-9)) prime?
True
Suppose 2195*s = 2216*s - 11930079. Is s a composite number?
True
Let q(l) be the second derivative of 1/6*l**3 + 0 - 21*l + 985/2*l**2 - 1/12*l**4. Is q(0) a prime number?
False
Suppose 10*c = 2*c + 13448. Suppose 5*a - 6223 - c = -3*p, 0 = -4*a + 5*p + 6301. Let g = 2898 - a. Is g prime?
True
Suppose -102*w + 95*w = -581. Is w a composite number?
False
Suppose -2132168 = 8497*v - 8505*v. Is v a composite number?
False
Let j be 1/((-4)/(-31091)) - 63/(-252). Let p = j + -794. Is p composite?
True
Let x(d) = -141*d + 145. Let o be x(-32). Suppose k + 14374 = 4*t, -o + 19033 = 4*t - 2*k. Is t prime?
True
Let t(z) = 9*z**2 - 5*z + 27. Suppose 4*m - 5*g = -22 - 18, 0 = 3*m - 3*g + 30. Is t(m) composite?
F